ive q(7).
7
Let q(w) = 2*w - 2. Let h be q(2). Let r(n) = 3 - 3 - h*n - 3 + 4. Calculate r(6).
-11
Let k(f) = -f**2 + f + 6. Let t(d) = d. Let n(u) = k(u) + 4*t(u). Let r(m) = 5*m + 2*m - 6*m**2 + 4*m**3 - m - 3*m**3. Let o be r(5). Give n(o).
6
Let y be ((-50)/35)/5 + 60/14. Let a(t) = -t**3 - t**2 - 3*t. Let k(g) = 2*g**3 + 4*g + 1. Let n(r) = -3*a(r) - 2*k(r). Calculate n(y).
-14
Suppose 2*w = w - 9. Let s(b) = -b - 19. Calculate s(w).
-10
Let l = 16 - 7. Let h be l - (10/5 + 2). Let i(z) = z. Determine i(h).
5
Let h(k) = -2*k**3 + k**3 - 500 + 495 - k + 3*k**2 - 8*k**2. Give h(-5).
0
Let b(k) be the second derivative of -k**6/120 + 7*k**5/60 + 7*k**4/24 + 11*k**3/6 - 29*k**2/2 - 14*k. Let h(t) be the first derivative of b(t). Determine h(8).
3
Let g(a) = -a + 2. Let s(r) = -2*r**2 - 3*r - 34. Let x be s(0). Let k = -39 - x. Calculate g(k).
7
Let s(r) = r**2 - 3*r + 4. Suppose 48 = 5*z - 52. Let q be (-2)/(-5) - (-72)/z. Determine s(q).
8
Let q(g) = -2*g**2 - 12*g + 1. Let w(p) = -2*p**2 - 10*p + 1. Let t(u) = 4*q(u) - 5*w(u). Let f = -27 - -28. What is t(f)?
3
Let q = -3 - -8. Let p(b) = b**3 - b**2 - 9*b. Let n(i) = 2*i**3 - i**2 - 19*i + 1. Let f(l) = -3*n(l) + 7*p(l). Give f(q).
-8
Let v(o) = 4*o - 3. Let i(n) = -n**3 + 9*n**2 - 13*n - 11. Let c be i(7). Give v(c).
-19
Let b(u) be the first derivative of -1 - 1/20*u**5 - 1/3*u**3 - 5/12*u**4 - 3*u**2 - 5*u. Let o(z) be the first derivative of b(z). Calculate o(-5).
4
Suppose 25 = -5*f - 0*f. Let r be ((-24)/(-24))/(2/20). Let t = r + f. Let l(v) = v - 5. What is l(t)?
0
Let v(s) = s - s + 7*s + s**2 + 5. Let n(l) = 3*l**2 - 15*l - 48. Let q be n(7). Determine v(q).
-1
Let x be -2 - -9*6/9. Suppose -4*b - 2*h - 28 = 0, b + x = 3*h + 11. Let m(i) be the third derivative of i**4/12 - 4*i**2. Determine m(b).
-10
Let l(h) = -7*h - 9. Let w be l(-2). Let i(u) = 4*u**2 - u**2 - 7*u + 3*u + 3*u**2 + 5 - u**3. What is i(w)?
10
Let z(p) = 81 + 103 - 185 + p. Determine z(3).
2
Let r(y) = 2*y**2 + 7*y + 5. Let g = -29 + 30. Let t be ((-4)/(-8))/((g - -3)/(-32)). Give r(t).
9
Let v(f) = 7 + f**3 - 1500*f + 3*f**2 + 747*f - 15*f**2 + 738*f. Calculate v(13).
-19
Suppose 40*g - 39*g - 4 = 0. Let s(f) be the first derivative of -1/4*f**4 + 2*f + 5/3*f**3 - 2*f**2 - 1. What is s(g)?
2
Let p(n) be the first derivative of n**4/4 + 2*n**3 - n**2 + 7*n + 236. Determine p(-6).
19
Let n(y) = y - 14. Let f(i) = i - 3. Let q(m) = 2*f(m) - n(m). Determine q(-13).
-5
Let b = 85 + -133. Let o = -52 - b. Let t(k) = k**3 + 5*k**2 - 2*k - 5. Give t(o).
19
Let q(n) = -4*n - 16. Let z be q(-7). Let r(v) = -v**3 + 13*v**2 - 12*v + 5. Give r(z).
5
Let g(t) = -4*t**2 - 8*t + 2. Let h(j) = 19*j**2 + 45*j - 11. Let n(p) = 11*g(p) + 2*h(p). Determine n(-2).
-28
Let m(j) = -6*j + 2. Let p = -10 + 17. Let y be (2/6*9)/(-1). Let u(k) = -3*k + 1. Let c(o) = p*u(o) + y*m(o). Calculate c(-1).
4
Suppose a = -5*t - 30 - 10, 5*a + 128 = -t. Let y = a + 30. Let w(r) = -r**3 + 5*r**2 - 4*r + 7. Determine w(y).
-13
Let b(v) = -v**2 - 2*v - 5. Suppose -63*o = -68*o - 35. Determine b(o).
-40
Let u be 1/(-3)*(10 + -1). Let r(p) = 54*p + 42*p - 4 + p**2 + p**3 - 101*p. Calculate r(u).
-7
Let b be (2/(-6))/(3/(-117)). Suppose -4*s + b = 1. Let p(y) = -s + 5*y + 0 + 0*y. Determine p(2).
7
Suppose 0 = -3*h + a + 6, -5*h - 3*a - 1 = -11. Suppose -1 = -t - h*d, 0 = -0*d + d. Let o(g) = 87*g - 29*g - 34*g - 31*g. What is o(t)?
-7
Let f(z) be the first derivative of -3*z**2/2 + 16*z - 198. Give f(7).
-5
Let n be (8/(-10))/((-2)/45). Suppose 2*r - 9 = x, 0 = -r + 5*x + n. Let k(m) = r*m - m + 0*m - m - 4. Calculate k(5).
1
Let u(b) = -b**3 + b. Let v(z) = 5*z**3 - 3*z**2 - 10*z + 6. Let i(y) = -4*u(y) - v(y). Let f be 0 + -2 - (-6)/(-2). Let o = 9 + f. Calculate i(o).
2
Let k(q) be the second derivative of 13*q + 1/6*q**3 + 0 - 1/2*q**2. Suppose -2*w + j - 8 + 3 = 0, 5*j - 1 = 4*w. What is k(w)?
-5
Suppose 0 = 2*t - 2 - 14. Let u = 10 + t. Let m = u + -25. Let j(z) = z + 11. Give j(m).
4
Let h(v) = -v - 22*v**2 - 1 - 4*v + 4*v + 8*v**2. Let w(r) = -2*r + 24. Let u be w(12). Suppose u*x = -5*x - 5. Give h(x).
-14
Let s(p) = 6*p - 5. Let u(i) = 3*i**3 - i**2 - 2*i - 1. Let h be u(-1). Let o be s(h). Let a = -28 - o. Let r(l) = l**2 + 7*l + 7. What is r(a)?
-3
Let r(u) = -2*u - 1. Let d(s) = -18*s - 8. Let a(g) = -d(g) + 6*r(g). Give a(2).
14
Let d be -35*(3/15 - 0/(-10)). Let t(o) = -o**2 - 8*o - 8. Determine t(d).
-1
Let f(p) be the first derivative of -3*p**2/2 - 64. What is f(-4)?
12
Let q(u) be the first derivative of 5/2*u**2 - 2 + 2*u + 1/4*u**4 - 7/3*u**3. Let b = 19 + -13. Determine q(b).
-4
Let m(x) = -x**3 - 4*x**2 + 4*x. Let n(i) = -i**2 - 3*i + 3. Let y = 16 - 14. Let t be n(y). Let q be t + 7 - 1*5. Determine m(q).
5
Let l(z) = -z + 4. Suppose -111 - 3 = 19*x. What is l(x)?
10
Let g(k) = -2*k + 1. Let f be g(-1). Let l(u) = 0 + f - 2 + 0. Let j(s) = -2*s - 2. Let c(x) = -j(x) + l(x). Give c(-3).
-3
Let g = -1080 + 1077. Let p(o) = -4*o - 3. Let u(f) = 3*f + 4. Let b(c) = -2*p(c) - 3*u(c). What is b(g)?
-3
Let z be 30/10 + (-4 - -4). Let g(u) = -2*u**3 + 5*u**2 - 3*u + 4. Calculate g(z).
-14
Let g(l) = -304 + 308 + 0*l + 0*l - 2*l. Calculate g(2).
0
Let h(v) = -v + 3. Let m be h(9). Let n(t) = 3*t + t**2 + 2*t + 1 + 2. Give n(m).
9
Let f(y) = -2*y**2 - 2. Suppose 29*u - 17 + 75 = 0. Determine f(u).
-10
Let u(r) = -4*r - 17. Let b be u(-5). Suppose 2*i + b*j - 39 = 0, j - 64 - 40 = -5*i. Let c = -27 + i. Let p(m) = -m**2 - 6*m + 1. What is p(c)?
1
Let i(v) be the second derivative of v**7/2520 - v**6/90 + v**5/120 - v**4/4 + v. Let d(u) be the third derivative of i(u). What is d(7)?
-6
Let g(y) be the third derivative of y**6/120 + y**5/10 - y**3/2 - 27*y**2. Suppose -6*q = 3*o - 2*q + 2, 26 = -5*o - q. What is g(o)?
-3
Let s be (-2)/5 - (-14)/10. Let w(m) = m**3 + 3*m**2 - 13*m - 12. Let l be w(-5). Let r(t) = 270 - 270 - l*t**2 + 5*t**2. Determine r(s).
2
Let u(n) be the second derivative of -n**4/12 - 7*n**3/6 - 7*n**2/2 + 3*n. Suppose -i - 50 = 9*i. Give u(i).
3
Suppose 0 = 17*d - 12*d + 10. Let n(y) = 7*y**2 + y + 2. Let u(p) = 20*p**2 + 3*p + 6. Let t = 4 + -10. Let s(j) = t*u(j) + 17*n(j). Give s(d).
-4
Let p(r) = -1 - 1 + 15 + 0 + r**2. Let s be 23 + 1/(-1) + 2. Let z be (-2)/10 + s/(-5) + 5. Give p(z).
13
Let y(a) = -a**3 - 9*a**2 - 8*a - 5. Let r = -92 - -84. What is y(r)?
-5
Let z(x) = -5*x - 13. Let t(r) = 2*r**3 + 26*r**2 + 24*r - 4. Let g be t(-12). Calculate z(g).
7
Let z(j) = j**3 - 14*j**2 - 3. Let n(i) = -38*i - 1240. Let k be n(-33). Determine z(k).
-3
Suppose -t + 7 = 1. Suppose -3*m - 3 = 5*p + t, -5*p + m + 3 = 0. Let b = -4 + p. Let h(y) = -y**3 - 4*y**2 - 3*y - 2. Determine h(b).
10
Let d(s) be the third derivative of s**4/12 - s**3/2 + 6*s**2. Let q be -2 + 0/2 - -4. Determine d(q).
1
Let y(o) = 35*o**2 - 20*o + 8. Let t(u) = 64*u**2 - 38*u + 15. Let i(c) = -6*t(c) + 11*y(c). Give i(-6).
-14
Suppose -14*d = 9 + 19. Let y(r) = -r**3 - 2*r**2 + 2*r + 1. What is y(d)?
-3
Let a(t) = t**3 + 10*t**2 - 11*t - 3. Let z be a(-11). Let n be (3 - z) + (-3)/1. Let m(w) = 6*w**2 + w**n - 3*w - 3*w - w**2 + 0*w**2 + 4. Give m(-6).
4
Let k(d) = d**3 - 9*d**2 + 9*d - 2. Let f be k(8). Suppose -n + 4*n = -f, o + 3 = -2*n. Let m(s) be the third derivative of s**4/8 + 7*s**2. Calculate m(o).
3
Let p = 2 - 0. Let j be (-4 - -6) + -4 + p. Let u(g) = g + 5. Calculate u(j).
5
Let u(p) = -17*p - 14. Let d(z) = -z - 1. Let l(n) = -4*d(n) + u(n). Let v(w) = -4*w - 3. Let a(s) = -2*l(s) + 7*v(s). Give a(-3).
5
Let b(v) = 15 - 1 - 10 + 18*v**2 - 3 - 2*v. What is b(1)?
17
Let t(i) be the second derivative of -2*i**2 + 0 + 21*i + 1/2*i**3. Give t(5).
11
Let n(s) = 12*s**2 + 4*s - 4. Let l(p) = 36*p**2 + 11*p - 11. Let d(f) = 3*l(f) - 8*n(f). Suppose 4*t + 2*v - 2 = 0, -5*t - 34 = 3*v - 36. Determine d(t).
12
Let a(f) = -f - 2. Let u be a(6). Let j be u/3*(2 + (-55)/20). Let d(k) = -k + 1. Give d(j).
-1
Let z(n) be the second derivative of -n**4/12 + 4*n**3/3 - 7*n**2/2 + 457*n. Let r = -18 - -26. What is z(r)?
-7
Let c(k) = k**3 - 6*k**2 - 1. Let u be 1/4 + (-375)/(-20) + -1. Suppose 0 = -5*d, 8*d = -3*v + 7*d + u. Calculate c(v).
-1
Let q(k) be the second derivative of -k**5/20 + k**4/4 + 5*k**3/6 - 3*k**2/2 + 2*k. Suppose 8 - 2 = 2*y. Sup